s divided by 54.
47
What is the remainder when 256126308 is divided by 21343859?
0
What is the remainder when 3600520 is divided by 7694?
7422
What is the remainder when 413487 is divided by 621?
522
Calculate the remainder when 525978 is divided by 58425.
153
What is the remainder when 99660 is divided by 2167?
2145
Calculate the remainder when 25503 is divided by 6109.
1067
Calculate the remainder when 1369455 is divided by 3056.
367
What is the remainder when 570249 is divided by 95036?
33
Calculate the remainder when 10124724 is divided by 18.
12
What is the remainder when 13781901 is divided by 600?
501
What is the remainder when 158906 is divided by 461?
322
Calculate the remainder when 2613033 is divided by 2613020.
13
Calculate the remainder when 22325071 is divided by 8898.
8887
Calculate the remainder when 1185461 is divided by 592621.
219
What is the remainder when 172264 is divided by 19139?
13
What is the remainder when 42759088 is divided by 135?
133
Calculate the remainder when 4024530 is divided by 7651.
104
Calculate the remainder when 80388928 is divided by 3537.
3529
Calculate the remainder when 15766227 is divided by 60407.
0
Calculate the remainder when 1420424 is divided by 88775.
24
What is the remainder when 12866710 is divided by 275?
10
What is the remainder when 37489 is divided by 12309?
562
What is the remainder when 3817524 is divided by 31?
29
Calculate the remainder when 1828686 is divided by 1156.
1050
Calculate the remainder when 13768992 is divided by 241561.
15
Calculate the remainder when 473262 is divided by 2846.
826
What is the remainder when 4149020 is divided by 1640?
1460
Calculate the remainder when 426840179 is divided by 244.
243
Calculate the remainder when 48941 is divided by 5857.
2085
What is the remainder when 2703236 is divided by 653?
469
Calculate the remainder when 21321 is divided by 20608.
713
Calculate the remainder when 448754163 is divided by 21.
18
Calculate the remainder when 3667016 is divided by 2236.
2212
Calculate the remainder when 8123883 is divided by 237.
234
Calculate the remainder when 3265205 is divided by 1518.
1505
Calculate the remainder when 2570370 is divided by 428390.
30
What is the remainder when 60512 is divided by 6?
2
Calculate the remainder when 70891 is divided by 356.
47
Calculate the remainder when 1884903 is divided by 303.
243
Calculate the remainder when 240187 is divided by 12582.
1129
Calculate the remainder when 424828392 is divided by 718.
716
What is the remainder when 34974321 is divided by 518?
515
Calculate the remainder when 2172171 is divided by 95.
91
Calculate the remainder when 597991 is divided by 10491.
4
Calculate the remainder when 801591 is divided by 752.
711
Calculate the remainder when 1042441 is divided by 521186.
69
Calculate the remainder when 8422334 is divided by 153.
143
Calculate the remainder when 31917 is divided by 5738.
3227
What is the remainder when 1000655 is divided by 147?
26
What is the remainder when 110518139 is divided by 239?
237
Calculate the remainder when 94067 is divided by 57.
17
Calculate the remainder when 31222 is divided by 24161.
7061
Calculate the remainder when 222954 is divided by 340.
254
What is the remainder when 333733 is divided by 5753?
59
Calculate the remainder when 8164793 is divided by 35.
28
Calculate the remainder when 16738 is divided by 262.
232
What is the remainder when 17046 is divided by 7810?
1426
What is the remainder when 2312787 is divided by 64?
19
Calculate the remainder when 166381523 is divided by 389.
388
What is the remainder when 1797137 is divided by 97?
18
What is the remainder when 1024440 is divided by 4203?
3111
Calculate the remainder when 9312234 is divided by 4830.
4824
Calculate the remainder when 2099477 is divided by 1049721.
35
What is the remainder when 1188149 is divided by 592425?
3299
What is the remainder when 576412 is divided by 288197?
18
Calculate the remainder when 175992 is divided by 3898.
582
What is the remainder when 3057826 is divided by 23703?
139
What is the remainder when 437683466 is divided by 3?
2
Calculate the remainder when 107234439 is divided by 326.
325
What is the remainder when 51909 is divided by 12940?
149
Calculate the remainder when 16623463 is divided by 22525.
13
Calculate the remainder when 13153312 is divided by 1295.
1292
Calculate the remainder when 4329824 is divided by 5007.
3776
Calculate the remainder when 9714968 is divided by 230.
228
What is the remainder when 2111697 is divided by 234630?
27
Calculate the remainder when 54010599 is divided by 244.
223
What is the remainder when 94425352 is divided by 219?
217
What is the remainder when 210564096 is divided by 29?
26
Calculate the remainder when 94647943 is divided by 423.
1
Calculate the remainder when 1016262 is divided by 2456.
1934
What is the remainder when 752535 is divided by 579?
414
What is the remainder when 2591674 is divided by 114?
112
What is the remainder when 58214 is divided by 350?
114
Calculate the remainder when 3259314 is divided by 282.
240
What is the remainder when 4443719 is divided by 9?
5
What is the remainder when 1230401 is divided by 8981?
4
Calculate the remainder when 393750 is divided by 131193.
171
What is the remainder when 235385 is divided by 1540?
1305
Calculate the remainder when 26029 is divided by 316.
117
Calculate the remainder when 133079380 is divided by 173.
168
Calculate the remainder when 17542135 is divided by 1461831.
163
Calculate the remainder when 36569693 is divided by 20.
13
Calculate the remainder when 17609567 is divided by 667.
100
Calculate the remainder when 223505036 is divided by 21.
20
What is the remainder when 3351435 is divided by 372380?
15
What is the remainder when 1485585 is divided by 37?
35
Calculate the remainder when 549665 is divided by 34349.
81
Calculate the remainder when 633757 is divided by 126672.
397
What is the remainder when 28959149 is divided by 33?
32
Calculate the remainder when 3093546 is divided by 3093543.
3
What is the remainder when 11226830 is divided by 49?
48
Calculate the remainder when 116701 is divided by 323.
98
Calculate the remainder when 2501 is divided by 160.
101
Calculate the remainder when 77982 is divided by 225.
132
Calculate the remainder when 1781618 is divided by 3815.
13
What is the remainder when 58387684 is divided by 104?
4
What is the remainder when 570737 is divided by 696?
17
What is the remainder when 2007196 is divided by 250890?
76
What is the remainder when 649770911 is divided by 5208?
5207
Calculate the remainder when 7703732 is divided by 855951.
173
Calculate the remainder when 12908978 is divided by 140.
138
What is the remainder when 114576 is divided by 2018?
1568
What is the remainder when 11148133 is divided by 12332?
5
What is the remainder when 42079653 is divided by 576433?
44
What is the remainder when 25567563 is divided by 946?
21
What is the remainder when 72367 is divided by 4802?
337
Calculate the remainder when 1666897 is divided by 87730.
27
What is the remainder when 313229 is divided by 510?
89
Calculate the remainder when 31496 is divided by 31138.
358
What is the remainder when 8519993 is divided by 49?
20
Calculate the remainder when 3920499 is divided by 4564.
23
Calculate the remainder when 1623189 is divided by 345.
309
What is the remainder when 665508 is divided by 82?
78
Calculate the remainder when 5224462 is divided by 584.
582
What is the remainder when 3764821 is divided by 171128?
5
What is the remainder when 1968181 is divided by 647?
7
Calculate the remainder when 1312287 is divided by 32.
31
What is the remainder when 11444 is divided by 1915?
1869
What is the remainder when 1874600 is divided by 25?
0
What is the remainder when 168407 is divided by 293?
225
Calculate the remainder when 91951880 is divided by 2303.
2302
What is the remainder when 126479 is divided by 30375?
4979
Calculate the remainder when 238507 is divided by 2254.
1837
What is the remainder when 1810317 is divided by 934?
225
Calculate the remainder when 160434989 is divided by 2278.
5
Calculate the remainder when 2319515 is divided by 560.
555
Calculate the remainder when 139086 is divided by 1715.
171
Calculate the remainder when